
1
What is the ten thousands digit of 132795?
3
What is the thousands digit of 19793?
9
What is the units digit of 1542?
2
What is the thousands digit of 58713?
8
What is the hundreds digit of 15468?
4
What is the hundreds digit of 18468?
4
What is the thousands digit of 5159?
5
What is the hundreds digit of 1865?
8
What is the hundreds digit of 1176?
1
What is the units digit of 7350?
0
What is the hundreds digit of 3340?
3
What is the thousands digit of 2110?
2
What is the tens digit of 3012?
1
What is the hundreds digit of 128921?
9
What is the thousands digit of 4734?
4
What is the tens digit of 101?
0
What is the ten thousands digit of 27792?
2
What is the units digit of 4374?
4
What is the units digit of 3793?
3
What is the hundreds digit of 198?
1
What is the units digit of 118?
8
What is the thousands digit of 1510?
1
What is the units digit of 814?
4
What is the hundreds digit of 3498?
4
What is the thousands digit of 8102?
8
What is the ten thousands digit of 30133?
3
What is the thousands digit of 120731?
0
What is the units digit of 1098?
8
What is the thousands digit of 205837?
5
What is the tens digit of 69?
6
What is the units digit of 4110?
0
What is the tens digit of 7762?
6
What is the ten thousands digit of 26752?
2
What is the thousands digit of 5607?
5
What is the units digit of 4494?
4
What is the units digit of 21285?
5
What is the units digit of 2568?
8
What is the thousands digit of 3389?
3
What is the thousands digit of 2602?
2
What is the ten thousands digit of 91720?
9
What is the units digit of 62697?
7
What is the ten thousands digit of 65362?
6
What is the thousands digit of 7236?
7
What is the units digit of 2025?
5
What is the tens digit of 3685?
8
What is the hundreds digit of 2462?
4
What is the thousands digit of 74462?
4
What is the tens digit of 17316?
1
What is the hundreds digit of 2306?
3
What is the thousands digit of 3428?
3
What is the hundreds digit of 2281?
2
What is the tens digit of 33?
3
What is the thousands digit of 94156?
4
What is the units digit of 14281?
1
What is the ten thousands digit of 10564?
1
What is the thousands digit of 1365?
1
What is the ten thousands digit of 100992?
0
What is the units digit of 29211?
1
What is the units digit of 58184?
4
What is the thousands digit of 100674?
0
What is the tens digit of 871?
7
What is the ten thousands digit of 16232?
1
What is the ten thousands digit of 61362?
6
What is the units digit of 29?
9
What is the tens digit of 6245?
4
What is the hundreds digit of 8099?
0
What is the hundreds digit of 47645?
6
What is the ten thousands digit of 210939?
1
What is the hundreds digit of 7906?
9
What is the tens digit of 3608?
0
What is the ten thousands digit of 25445?
2
What is the tens digit of 6813?
1
What is the tens digit of 90657?
5
What is the tens digit of 678?
7
What is the units digit of 3430?
0
What is the thousands digit of 4532?
4
What is the units digit of 79812?
2
What is the units digit of 5168?
8
What is the tens digit of 8676?
7
What is the ten thousands digit of 11785?
1
What is the tens digit of 1865?
6
What is the units digit of 2746?
6
What is the tens digit of 3746?
4
What is the tens digit of 965?
6
What is the units digit of 756?
6
What is the hundreds digit of 11728?
7
What is the thousands digit of 2560?
2
What is the units digit of 18748?
8
What is the hundreds digit of 3808?
8
What is the ten thousands digit of 120569?
2
What is the tens digit of 899?
9
What is the thousands digit of 1769?
1
What is the hundreds digit of 802?
8
What is the hundreds digit of 113811?
8
What is the hundreds digit of 29843?
8
What is the tens digit of 32338?
3
What is the units digit of 929?
9
What is the thousands digit of 1248?
1
What is the units digit of 2084?
4
What is the thousands digit of 7303?
7
What is the hundreds digit of 644?
6
What is the ten thousands digit of 18919?
1
What is the tens digit of 7555?
5
What is the hundreds digit of 525?
5
What is the units digit of 20312?
2
What is the hundreds digit of 23290?
2
What is the hundreds digit of 1102?
1
What is the hundreds digit of 23607?
6
What is the ten thousands digit of 35401?
3
What is the thousands digit of 1990?
1
What is the hundreds digit of 99507?
5
What is the ten thousands digit of 37648?
3
What is the hundreds digit of 8466?
4
What is the tens digit of 955?
5
What is the hundreds digit of 24999?
9
What is the tens digit of 157958?
5
What is the thousands digit of 1829?
1
What is the tens digit of 13001?
0
What is the thousands digit of 1657?
1
What is the hundred thousands digit of 136215?
1
What is the tens digit of 10803?
0
What is the ten thousands digit of 24411?
2
What is the units digit of 7737?
7
What is the units digit of 1005?
5
What is the tens digit of 570?
7
What is the tens digit of 13177?
7
What is the units digit of 3342?
2
What is the ten thousands digit of 14294?
1
What is the units digit of 14932?
2
What is the tens digit of 10592?
9
What is the units digit of 331?
1
What is the hundreds digit of 363?
3
What is the hundreds digit of 375?
3
What is the hundreds digit of 9982?
9
What is the units digit of 34620?
0
What is the tens digit of 873?
7
What is the hundreds digit of 4539?
5
What is the thousands digit of 7005?
7
What is the tens digit of 4606?
0
What is the ten thousands digit of 22704?
2
What is the tens digit of 3688?
8
What is the tens digit of 5556?
5
What is the tens digit of 3563?
6
What is the units digit of 2903?
3
What is the ten thousands digit of 10959?
1
What is the hundreds digit of 818?
8
What is the tens digit of 52948?
4
What is the units digit of 3654?
4
What is the hundreds digit of 25111?
1
What is the thousands digit of 3671?
3
What is the thousands digit of 3007?
3
What is the tens digit of 123195?
9
What is the thousands digit of 27617?
7
What is the hundreds digit of 4227?
2
What is the thousands digit of 9344?
9
What is the units digit of 1706?
6
What is the tens digit of 61861?
6
What is the units digit of 2506?
6
What is the ten thousands digit of 174923?
7
What is the hundreds digit of 18721?
7
What is the tens digit of 1041?
4
What is the units digit of 905?
5
What is the hundreds digit of 1117?
1
What is the ten thousands digit of 54051?
5
What is the units digit of 993?
3
What is the tens digit of 1670?
7
What is the thousands digit of 21071?
1
What is the tens digit of 890?
9
What is the hundreds digit of 726?
7
What is the hundreds digit of 539?
5
What is the thousands digit of 26482?
6
What is the tens digit of 13164?
6
What is the thousands digit of 2265?
2
What is the units digit of 2773?
3
What is the thousands digit of 7404?
7
What is the thousands digit of 12771?
2
What is the tens digit of 19605?
0
What is the thousands digit of 93583?
3
What is the units digit of 1373?
3
What is the units digit of 7179?
9
What is the hundreds digit of 2134?
1
What is the hundreds digit of 473?
4
What is the ten thousands digit of 79666?
7
What is the ten thousands digit of 65240?
6
What is the tens digit of 30788?
8
What is the hundreds digit of 80349?
3
What is the tens digit of 87009?
0
What is the units digit of 973?
3
What is the ten thousands digit of 83463?
8
What is the tens digit of 56013?
1
What is the thousands digit of 53417?
3
What is the tens digit of 3842?
4
What is the tens digit of 5664?
6
What is the tens digit of 35182?
8
What is the units digit of 26117?
7
What is the thousands digit of 1435?
1
What is the thousands digit of 22064?
2
What is the units digit of 851?
1
What is the tens digit of 642?
4
What is the ten thousands digit of 68182?
6
What is the thousands digit of 2009?
2
What is the thousands digit of 16274?
6
What is the thousands digit of 6794?
6
What is the units digit of 270?
0
What is the tens digit of 40611?
1
What is the hundreds digit of 2721?
7
What is the units digit of 7011?
1
What is the hundreds digit of 4484?
4
What is the units digit of 88737?
7
What is the hundreds digit of 534?
5
What is the hundreds digit of 7790?
7
What is the hundreds digit of 9513?
5
What is the hundreds digit of 4513?
5
What is the units digit of 1444?
4
What is the hundreds digit of 8695?
6
What is the units digit of 1163?
3
What is the ten thousands digit of 29639?
2
What is the units digit of 4